= 35 + m. What is the highest common divisor of g and 88?
8
Let n be (30*9)/(-5) + 0/1. Let t = n - -63. What is the highest common divisor of t and 9?
9
Let t be 2/6 - (-59)/3. Let g = 6 + -9. Let f(h) = -h**3 - 2*h**2 + 2*h + 2. Let q be f(g). What is the greatest common factor of q and t?
5
Let s be (-1 + 2 + 1)*1. Suppose -3*l - s = 2*u, -u - u = -4*l + 16. Let o be -1*-63*u/(-4). What is the highest common divisor of o and 9?
9
Suppose -2*k - 21 = -b, -5*b + 0*b - 4*k + 105 = 0. What is the highest common factor of b and 3759?
21
Suppose -m + 4 - 1 = 0. Suppose -159 = -m*c + 15. Calculate the highest common factor of 29 and c.
29
Suppose -2644 = -5*h + 2*t, 15*h - 16*h = -5*t - 515. Calculate the highest common divisor of h and 10.
10
Let g be 84/(-10)*(-12800)/240. What is the greatest common factor of g and 48?
16
Let x = 608 - 540. Calculate the greatest common divisor of x and 60.
4
Let c be (86/43)/(2 - 399/200). What is the greatest common factor of c and 16?
16
Suppose 12*b = -1795 + 5899. Calculate the greatest common divisor of b and 9.
9
Suppose 0 = -y + 6*y + 180. Let v be (y/(-5))/(6/20). Suppose -36 = -8*d + 5*d. What is the greatest common divisor of v and d?
12
Let j be (200/28)/((-120)/(-1008)). What is the highest common divisor of j and 100?
20
Suppose -294 = w + k, -w - 902 = 2*w - k. Let x = 43 - w. Calculate the highest common divisor of 38 and x.
38
Let k(c) = -c**3 - 10*c**2 - 18*c - 12. Let p be k(-8). Let i be 4/(6/(-12)*p/(-5)). Let w = 72 + -32. Calculate the greatest common divisor of i and w.
10
Suppose -143 + 360 = 4*u + j, -3*j + 156 = 3*u. Let h = -250 + 250. Suppose -a = -h*a - u. What is the greatest common factor of a and 5?
5
Let i = -98 + 143. Calculate the greatest common divisor of i and 45.
45
Suppose -17*k + 3355 - 1400 = 0. Let u be (12/(-10))/(2/10). Let m(s) = -s**3 - 6*s**2 - 3*s + 5. Let g be m(u). What is the greatest common factor of k and g?
23
Let h = 28 - 11. Suppose h*u + 20 = 19*u. Calculate the highest common factor of u and 10.
10
Let p(g) = g**3 - 27*g**2 - 3*g + 116. Let i be p(27). Calculate the greatest common factor of 385 and i.
35
Let f be -66*3*(-4)/24. Suppose -3*k + 0*o = o - f, 3 = o. Calculate the greatest common divisor of k and 30.
10
Let t be 32/(-10)*15/2. Let v be 7 + (1 - 5) + -11. Let q = v - t. Calculate the highest common factor of q and 64.
16
Suppose 4*k = -5*w + 963, 5*k - w = 3*w + 1214. Calculate the greatest common factor of k and 22.
22
Let h = -33 - -23. Let n be (-21 - h)/((-2)/6). Calculate the greatest common factor of n and 11.
11
Let j(k) = 6*k - 7. Suppose 0*o + 5 = -5*o. Let s = 8 + o. Let z be j(s). Calculate the greatest common divisor of 5 and z.
5
Suppose 0 = -3*g - 5 - 1. Let k be 1*g - (-8 - 111). Calculate the greatest common factor of 13 and k.
13
Let l be (18/4)/((-6)/(-32)). What is the greatest common divisor of 56 and l?
8
Let j be ((-42)/(-6) - 2)*5. Calculate the greatest common divisor of j and 5.
5
Let r(s) be the first derivative of 57*s**2/2 + 4*s + 12. Let u be r(13). Suppose 5*m - 205 = u. Calculate the highest common divisor of m and 76.
38
Suppose 0 = -6*r - 20 + 2. Let x be 111/6 - 1/(5 + r). Let l = 338 - 176. What is the greatest common factor of l and x?
18
Let x be (10/(-4) + 1)*-4. Let h(w) = 6*w**2 + 29*w - 29. Let v be h(1). Calculate the greatest common factor of v and x.
6
Let w be (226/(-6) - -1)/((-20)/660). What is the highest common factor of 10 and w?
10
Suppose 525 = -0*p + 5*p. Let d be 1/((1 + -6)/(-105)). What is the highest common factor of p and d?
21
Let c = -88 - -128. Calculate the highest common factor of c and 60.
20
Suppose 30*u = -0*u + 27300. Calculate the highest common factor of u and 70.
70
Let y(s) = -9*s**2 - 4*s - 11. Let x be y(-4). Let h = -80 - x. What is the greatest common factor of h and 531?
59
Suppose -j = 4*j - 115. Let c be (-6)/15 - 66981/(-415). What is the highest common divisor of j and c?
23
Suppose -24 = f - 74. What is the greatest common factor of 30 and f?
10
Suppose p = 2*z + 62, p + 5*z - 12 = 22. Let l be -1 - (0/4 - -1). Let d be (l/2)/((-7)/42). What is the greatest common divisor of d and p?
6
Suppose h - 169 = -3*y, 0 = 4*y - 3*h - 157 - 51. Calculate the highest common divisor of 5 and y.
5
Let i be (-3)/(-3)*0 + -1. Let a be i/(0 - 2/126). Let r(d) = -d**2 + 8*d - 6. Let u be r(3). What is the greatest common factor of u and a?
9
Let n be 4/((-1 + -4)/(175/(-70))). What is the greatest common factor of n and 166?
2
Suppose -17*r = -2429 - 3283. Calculate the greatest common factor of 6 and r.
6
Let a(r) = -2*r**2 + 6*r + 1. Let l be a(3). Let p be ((-88)/(-55))/(1*l/90). Calculate the greatest common factor of p and 16.
16
Let v = 523 - 521. What is the greatest common divisor of 12 and v?
2
Let i = 0 + 1. Suppose -16 + i = -k. Suppose 5*z - l = 934 - 105, -l - 334 = -2*z. What is the greatest common factor of z and k?
15
Suppose -3*d = q, q = 5*d + 2*q. Suppose -k + 47 - 194 = d. Let c = k - -246. Calculate the greatest common factor of 11 and c.
11
Let o be 420/1*(-42)/(-49). What is the greatest common factor of 288 and o?
72
Let b be 0 - ((-4)/(-14) + (-7920)/231). Let d be (0 - (2 - 1)) + 18. Calculate the greatest common divisor of d and b.
17
Let v be 44/8 - (-6)/(-4). Let x be (2 - (v + -3))*-2. Let g be (-1)/x - 625/(-10). Calculate the highest common factor of 7 and g.
7
Suppose -180 = -60*h + 51*h. Calculate the greatest common factor of h and 500.
20
Let y be (-8)/(-2) - (75 + -630). What is the highest common factor of 43 and y?
43
Let y be (-16)/24*210/(-4). Suppose y + 37 = 6*h. What is the highest common divisor of 108 and h?
12
Suppose 3*t + 2*t = 0. Suppose t = 5*c - 2*v - 16, -5*v - 30 = -4*c - 7. Let a be 26 + (-1 - c/(-2)). What is the greatest common divisor of 39 and a?
13
Let i = 19 - 7. Let j = 21 - i. What is the highest common divisor of j and 18?
9
Let v = 111 - 107. Suppose w = -5*s + 91, -9 = -2*s - v*w + 31. Calculate the greatest common factor of 54 and s.
18
Suppose -2*i + 1100 = 2*i. Suppose -i = 19*o - 24*o. What is the highest common divisor of 11 and o?
11
Let p(k) = -k**3 - 5*k**2 + 16. Let u be p(-8). Let c = -39 + u. What is the greatest common factor of 13 and c?
13
Let f = -28448 - -28457. Let o = -17 - -26. Calculate the highest common factor of f and o.
9
Let u = 13 + 0. Let j = u + -3. What is the greatest common factor of 4 and j?
2
Let l = -2 + 106. Calculate the highest common factor of 39 and l.
13
Suppose -6*y + 38 = -22. Calculate the greatest common divisor of y and 50.
10
Let f(j) = j**2 - 4. Let y be f(-3). Let x(r) = 5*r - 1 + 4 - y + 4. Let q be x(4). What is the highest common factor of q and 11?
11
Let l = 154 - 116. Calculate the highest common factor of 2 and l.
2
Let u(g) = -2*g**3 + 34*g**2 + 2*g - 31. Let a be u(17). What is the highest common factor of a and 174?
3
Suppose 0 = 2*q + 1 - 37. Suppose c = q + 4. Suppose -2*n + 25 + 25 = -2*b, -2*n - 5*b + c = 0. Calculate the highest common factor of n and 168.
21
Suppose -19*c = -71*c + 52832. Calculate the highest common divisor of c and 127.
127
Let s(j) = -j**2 - 23*j - 41. Let z be s(-20). What is the greatest common divisor of 171 and z?
19
Let p = -16 - -131. What is the highest common divisor of p and 46?
23
Suppose -43*m + 498 = -2426. Suppose 3*j + 34 = 5*j. Calculate the greatest common factor of m and j.
17
Let l(b) = -b**3 + 5*b**2 + 4*b + 24. Let j be l(6). Calculate the greatest common divisor of j and 2448.
12
Let w = 123 - 75. Let h be ((-180)/(-10))/6*1. What is the highest common divisor of h and w?
3
Suppose -3*r + 7*r - 80 = 0. Let n = 33 + 47. Calculate the greatest common factor of r and n.
20
Let v(l) = l**2 + 28*l - 23. Let g be v(-38). Calculate the highest common divisor of g and 204.
51
Let j be (2/(-4))/(2/(-12)) + 3. Let b be -3 - ((-2)/j + 2458/(-6)). What is the highest common factor of 37 and b?
37
Let g = 796 + -760. Calculate the greatest common divisor of g and 128.
4
Let p = -182 - -128. Let u = p + 104. Calculate the highest common divisor of 20 and u.
10
Suppose -2*f = -4*v - 105 - 325, -4*v - 840 = -4*f. Calculate the greatest common factor of f and 5.
5
Let j = 526 - 502. What is the greatest common divisor of 